{"id":499,"date":"2017-03-09T00:28:32","date_gmt":"2017-03-09T00:28:32","guid":{"rendered":"http:\/\/www.malexbalet.cz\/?page_id=499"},"modified":"2018-05-16T17:14:47","modified_gmt":"2018-05-16T15:14:47","slug":"jak-se-prihlasit","status":"publish","type":"page","link":"https:\/\/www.malexbalet.cz\/?page_id=499","title":{"rendered":"Jak se p\u0159ihl\u00e1sit"},"content":{"rendered":"<p style=\"text-align: justify;\">Hlavn\u00edm p\u0159edpokladem pro p\u0159ijet\u00ed do Malex balet school je skute\u010dnost, \u017ee d\u00edt\u011b chce do baletu samo !<\/p>\n<p style=\"text-align: justify;\">Ka\u017ed\u00fd rok v \u010dervnu prob\u00edh\u00e1 zapis do Malex Ballet School a to formou p\u0159ij\u00edmac\u00edch talentov\u00fdch zkou\u0161ek. Potom bude d\u00edt\u011b na z\u00e1klad\u011b dovednost\u00ed za\u0159azeno do skupiny odpov\u00eddaj\u00edc\u00ed jeho v\u011bku a pohybov\u00fdm schopnostem. Pokud z n\u011bjak\u00e9ho d\u016fvodu nest\u00edh\u00e1te, sta\u010d\u00ed napsat na n\u00e1\u0161e-mail:info@malexbalet.cz nebo zavolat na telefon uveden\u00fd v kontaktech.<br \/>\n<a href=\"http:\/\/www.malexbalet.cz\/wp-content\/uploads\/2017\/03\/16998196_1518176954860287_4916947218239524622_n.jpg\"><img loading=\"lazy\" decoding=\"async\" class=\"size-medium wp-image-454 alignleft\" src=\"http:\/\/www.malexbalet.cz\/wp-content\/uploads\/2017\/03\/16998196_1518176954860287_4916947218239524622_n-300x200.jpg\" alt=\"\" width=\"300\" height=\"200\" srcset=\"https:\/\/www.malexbalet.cz\/wp-content\/uploads\/2017\/03\/16998196_1518176954860287_4916947218239524622_n-300x200.jpg 300w, https:\/\/www.malexbalet.cz\/wp-content\/uploads\/2017\/03\/16998196_1518176954860287_4916947218239524622_n-751x500.jpg 751w, https:\/\/www.malexbalet.cz\/wp-content\/uploads\/2017\/03\/16998196_1518176954860287_4916947218239524622_n-272x182.jpg 272w, https:\/\/www.malexbalet.cz\/wp-content\/uploads\/2017\/03\/16998196_1518176954860287_4916947218239524622_n.jpg 960w, https:\/\/www.malexbalet.cz\/wp-content\/uploads\/2017\/03\/16998196_1518176954860287_4916947218239524622_n-300x200@2x.jpg 600w, https:\/\/www.malexbalet.cz\/wp-content\/uploads\/2017\/03\/16998196_1518176954860287_4916947218239524622_n-272x182@2x.jpg 544w\" sizes=\"auto, (max-width: 300px) 100vw, 300px\" \/><\/a><\/p>\n<p style=\"text-align: center;\">VELMI SE T\u011a\u0160\u00cdME NA V\u0160ECHNY P\u0158IHL\u00c1\u0160EN\u00c9 HOL\u010cI\u010cKY A CHLAPCE !<\/p>\n<p style=\"text-align: center;\">V\u00ddRAZN\u011a NADAN\u00c9 D\u011aTI P\u0158IJ\u00cdM\u00c1ME B\u011aHEM CEL\u00c9 TANE\u010cN\u00cd SEZ\u00d3NY.<\/p>\n","protected":false},"excerpt":{"rendered":"<p>Hlavn\u00edm p\u0159edpokladem pro p\u0159ijet\u00ed do Malex balet school je skute\u010dnost, \u017ee d\u00edt\u011b chce do baletu samo ! Ka\u017ed\u00fd rok v \u010dervnu prob\u00edh\u00e1 zapis do Malex Ballet School a to formou p\u0159ij\u00edmac\u00edch talentov\u00fdch zkou\u0161ek. Potom bude d\u00edt\u011b na z\u00e1klad\u011b dovednost\u00ed za\u0159azeno do skupiny odpov\u00eddaj\u00edc\u00ed jeho v\u011bku a pohybov\u00fdm schopnostem. Pokud z n\u011bjak\u00e9ho d\u016fvodu nest\u00edh\u00e1te, sta\u010d\u00ed napsat&hellip;<\/p>\n","protected":false},"author":2,"featured_media":0,"parent":0,"menu_order":0,"comment_status":"closed","ping_status":"closed","template":"","meta":{"_acf_changed":false,"two_page_speed":[],"footnotes":""},"class_list":["post-499","page","type-page","status-publish","hentry","no-post-thumbnail","entry"],"acf":[],"_links":{"self":[{"href":"https:\/\/www.malexbalet.cz\/index.php?rest_route=\/wp\/v2\/pages\/499","targetHints":{"allow":["GET"]}}],"collection":[{"href":"https:\/\/www.malexbalet.cz\/index.php?rest_route=\/wp\/v2\/pages"}],"about":[{"href":"https:\/\/www.malexbalet.cz\/index.php?rest_route=\/wp\/v2\/types\/page"}],"author":[{"embeddable":true,"href":"https:\/\/www.malexbalet.cz\/index.php?rest_route=\/wp\/v2\/users\/2"}],"replies":[{"embeddable":true,"href":"https:\/\/www.malexbalet.cz\/index.php?rest_route=%2Fwp%2Fv2%2Fcomments&post=499"}],"version-history":[{"count":3,"href":"https:\/\/www.malexbalet.cz\/index.php?rest_route=\/wp\/v2\/pages\/499\/revisions"}],"predecessor-version":[{"id":2177,"href":"https:\/\/www.malexbalet.cz\/index.php?rest_route=\/wp\/v2\/pages\/499\/revisions\/2177"}],"wp:attachment":[{"href":"https:\/\/www.malexbalet.cz\/index.php?rest_route=%2Fwp%2Fv2%2Fmedia&parent=499"}],"curies":[{"name":"wp","href":"https:\/\/api.w.org\/{rel}","templated":true}]}}

Jak se přihlásit

<p style="text-align: justify;">Hlavním předpokladem pro přijetí do Malex balet school je skutečnost, že dítě chce do baletu samo !</p>
<p style="text-align: justify;">Každý rok v červnu probíhá zapis do Malex Ballet School a to formou přijímacích talentových zkoušek. Potom bude dítě na základě dovedností zařazeno do skupiny odpovídající jeho věku a pohybovým schopnostem. Pokud z nějakého důvodu nestíháte, stačí napsat na náše-mail:info@malexbalet.cz nebo zavolat na telefon uvedený v kontaktech.<br />
<a href="http://www.malexbalet.cz/wp-content/uploads/2017/03/16998196_1518176954860287_4916947218239524622_n.jpg"><img loading="lazy" decoding="async" class="size-medium wp-image-454 alignleft" src="http://www.malexbalet.cz/wp-content/uploads/2017/03/16998196_1518176954860287_4916947218239524622_n-300x200.jpg" alt="" width="300" height="200" srcset="https://www.malexbalet.cz/wp-content/uploads/2017/03/16998196_1518176954860287_4916947218239524622_n-300x200.jpg 300w, https://www.malexbalet.cz/wp-content/uploads/2017/03/16998196_1518176954860287_4916947218239524622_n-751x500.jpg 751w, https://www.malexbalet.cz/wp-content/uploads/2017/03/16998196_1518176954860287_4916947218239524622_n-272x182.jpg 272w, https://www.malexbalet.cz/wp-content/uploads/2017/03/16998196_1518176954860287_4916947218239524622_n.jpg 960w, https://www.malexbalet.cz/wp-content/uploads/2017/03/16998196_1518176954860287_4916947218239524622_n-300x200@2x.jpg 600w, https://www.malexbalet.cz/wp-content/uploads/2017/03/16998196_1518176954860287_4916947218239524622_n-272x182@2x.jpg 544w" sizes="auto, (max-width: 300px) 100vw, 300px" /></a></p>
<p style="text-align: center;">VELMI SE TĚŠÍME NA VŠECHNY PŘIHLÁŠENÉ HOLČIČKY A CHLAPCE !</p>
<p style="text-align: center;">VÝRAZNĚ NADANÉ DĚTI PŘIJÍMÁME BĚHEM CELÉ TANEČNÍ SEZÓNY.</p>

<p>Hlavním předpokladem pro přijetí do Malex balet school je skutečnost, že dítě chce do baletu samo ! Každý rok v červnu probíhá zapis do Malex Ballet School a to formou přijímacích talentových zkoušek. Potom bude dítě na základě dovedností zařazeno do skupiny odpovídající jeho věku a pohybovým schopnostem. Pokud z nějakého důvodu nestíháte, stačí napsat&hellip;</p>
